[INFO] fetching crate orma 0.3.1...
[INFO] checking orma-0.3.1 against master#af3c6e733a40e671550e0f0f5aeecaa13772ba56 for pr-74989
[INFO] extracting crate orma 0.3.1 into /workspace/builds/worker-4/source
[INFO] validating manifest of crates.io crate orma 0.3.1 on toolchain af3c6e733a40e671550e0f0f5aeecaa13772ba56
[INFO] running `Command { std: "/workspace/cargo-home/bin/cargo" "+af3c6e733a40e671550e0f0f5aeecaa13772ba56" "read-manifest" "--manifest-path" "Cargo.toml", kill_on_drop: false }`
[INFO] started tweaking crates.io crate orma 0.3.1
[INFO] finished tweaking crates.io crate orma 0.3.1
[INFO] tweaked toml for crates.io crate orma 0.3.1 written to /workspace/builds/worker-4/source/Cargo.toml
[INFO] running `Command { std: "/workspace/cargo-home/bin/cargo" "+af3c6e733a40e671550e0f0f5aeecaa13772ba56" "generate-lockfile" "--manifest-path" "Cargo.toml" "-Zno-index-update", kill_on_drop: false }`
[INFO] running `Command { std: "/workspace/cargo-home/bin/cargo" "+af3c6e733a40e671550e0f0f5aeecaa13772ba56" "fetch" "--locked" "--manifest-path" "Cargo.toml", kill_on_drop: false }`
[INFO] [stderr]  Downloading crates ...
[INFO] [stderr]   Downloaded orma-derive v0.3.1
[INFO] running `Command { std: "docker" "create" "-v" "/var/lib/crater-agent-workspace/builds/worker-4/target:/opt/rustwide/target:rw,Z" "-v" "/var/lib/crater-agent-workspace/builds/worker-4/source:/opt/rustwide/workdir:ro,Z" "-v" "/var/lib/crater-agent-workspace/cargo-home:/opt/rustwide/cargo-home:ro,Z" "-v" "/var/lib/crater-agent-workspace/rustup-home:/opt/rustwide/rustup-home:ro,Z" "-e" "SOURCE_DIR=/opt/rustwide/workdir" "-e" "CARGO_TARGET_DIR=/opt/rustwide/target" "-e" "CARGO_HOME=/opt/rustwide/cargo-home" "-e" "RUSTUP_HOME=/opt/rustwide/rustup-home" "-w" "/opt/rustwide/workdir" "-m" "1610612736" "--user" "0:0" "--network" "none" "rustops/crates-build-env@sha256:d92eaeed33fa75130ca1ee6c8a01d1ffb62bac859dfdfb3450e3e5d1c0146529" "/opt/rustwide/cargo-home/bin/cargo" "+af3c6e733a40e671550e0f0f5aeecaa13772ba56" "metadata" "--no-deps" "--format-version=1", kill_on_drop: false }`
[INFO] [stdout] 45b212259ae56958bf4f7d963251f0b0d14e41f2a8201a2258d3749eeaa4dddf
[INFO] [stderr] WARNING: Your kernel does not support swap limit capabilities or the cgroup is not mounted. Memory limited without swap.
[INFO] running `Command { std: "docker" "start" "-a" "45b212259ae56958bf4f7d963251f0b0d14e41f2a8201a2258d3749eeaa4dddf", kill_on_drop: false }`
[INFO] running `Command { std: "docker" "inspect" "45b212259ae56958bf4f7d963251f0b0d14e41f2a8201a2258d3749eeaa4dddf", kill_on_drop: false }`
[INFO] running `Command { std: "docker" "rm" "-f" "45b212259ae56958bf4f7d963251f0b0d14e41f2a8201a2258d3749eeaa4dddf", kill_on_drop: false }`
[INFO] [stdout] 45b212259ae56958bf4f7d963251f0b0d14e41f2a8201a2258d3749eeaa4dddf
[INFO] running `Command { std: "docker" "create" "-v" "/var/lib/crater-agent-workspace/builds/worker-4/target:/opt/rustwide/target:rw,Z" "-v" "/var/lib/crater-agent-workspace/builds/worker-4/source:/opt/rustwide/workdir:ro,Z" "-v" "/var/lib/crater-agent-workspace/cargo-home:/opt/rustwide/cargo-home:ro,Z" "-v" "/var/lib/crater-agent-workspace/rustup-home:/opt/rustwide/rustup-home:ro,Z" "-e" "SOURCE_DIR=/opt/rustwide/workdir" "-e" "CARGO_TARGET_DIR=/opt/rustwide/target" "-e" "CARGO_INCREMENTAL=0" "-e" "RUST_BACKTRACE=full" "-e" "RUSTFLAGS=--cap-lints=forbid" "-e" "CARGO_HOME=/opt/rustwide/cargo-home" "-e" "RUSTUP_HOME=/opt/rustwide/rustup-home" "-w" "/opt/rustwide/workdir" "-m" "1610612736" "--user" "0:0" "--network" "none" "rustops/crates-build-env@sha256:d92eaeed33fa75130ca1ee6c8a01d1ffb62bac859dfdfb3450e3e5d1c0146529" "/opt/rustwide/cargo-home/bin/cargo" "+af3c6e733a40e671550e0f0f5aeecaa13772ba56" "check" "--frozen" "--all" "--all-targets" "--message-format=json", kill_on_drop: false }`
[INFO] [stderr] WARNING: Your kernel does not support swap limit capabilities or the cgroup is not mounted. Memory limited without swap.
[INFO] [stdout] 314800a2e99e6e81df94110cc25ff938c7b7d4ec68a27e574a347488a256b75e
[INFO] running `Command { std: "docker" "start" "-a" "314800a2e99e6e81df94110cc25ff938c7b7d4ec68a27e574a347488a256b75e", kill_on_drop: false }`
[INFO] [stderr]    Compiling libc v0.2.77
[INFO] [stderr]    Compiling proc-macro2 v1.0.21
[INFO] [stderr]    Compiling unicode-xid v0.2.1
[INFO] [stderr]    Compiling syn v1.0.40
[INFO] [stderr]     Checking cfg-if v0.1.10
[INFO] [stderr]    Compiling typenum v1.12.0
[INFO] [stderr]    Compiling version_check v0.9.2
[INFO] [stderr]    Compiling memchr v2.3.3
[INFO] [stderr]    Compiling getrandom v0.1.15
[INFO] [stderr]     Checking slab v0.4.2
[INFO] [stderr]    Compiling pin-project-internal v0.4.23
[INFO] [stderr]     Checking futures-core v0.3.5
[INFO] [stderr]    Compiling log v0.4.11
[INFO] [stderr]    Compiling serde_derive v1.0.116
[INFO] [stderr]    Compiling proc-macro-nested v0.1.6
[INFO] [stderr]    Compiling serde v1.0.116
[INFO] [stderr]     Checking futures-sink v0.3.5
[INFO] [stderr]     Checking ppv-lite86 v0.2.9
[INFO] [stderr]     Checking tinyvec v0.3.4
[INFO] [stderr]     Checking once_cell v1.4.1
[INFO] [stderr]    Compiling byteorder v1.3.4
[INFO] [stderr]     Checking subtle v2.3.0
[INFO] [stderr]     Checking bytes v0.5.6
[INFO] [stderr]    Compiling proc-macro-hack v0.5.18
[INFO] [stderr]     Checking matches v0.1.8
[INFO] [stderr]    Compiling ryu v1.0.5
[INFO] [stderr]     Checking futures-io v0.3.5
[INFO] [stderr]     Checking arc-swap v0.4.7
[INFO] [stderr]     Checking pin-utils v0.1.0
[INFO] [stderr]    Compiling serde_json v1.0.57
[INFO] [stderr]     Checking cpuid-bool v0.1.2
[INFO] [stderr]     Checking opaque-debug v0.3.0
[INFO] [stderr]     Checking siphasher v0.3.3
[INFO] [stderr]     Checking instant v0.1.6
[INFO] [stderr]     Checking lazy_static v1.4.0
[INFO] [stderr]     Checking itoa v0.4.6
[INFO] [stderr]     Checking scopeguard v1.1.0
[INFO] [stderr]     Checking pin-project-lite v0.1.7
[INFO] [stderr]     Checking fnv v1.0.7
[INFO] [stderr]     Checking base64 v0.12.3
[INFO] [stderr]     Checking md5 v0.7.0
[INFO] [stderr]     Checking smallvec v1.4.2
[INFO] [stderr]     Checking fallible-iterator v0.2.0
[INFO] [stderr]     Checking percent-encoding v2.1.0
[INFO] [stderr]     Checking futures-channel v0.3.5
[INFO] [stderr]     Checking futures-task v0.3.5
[INFO] [stderr]     Checking unicode-bidi v0.3.4
[INFO] [stderr]     Checking unicode-normalization v0.1.13
[INFO] [stderr]     Checking lock_api v0.4.1
[INFO] [stderr]    Compiling generic-array v0.14.4
[INFO] [stderr]     Checking phf_shared v0.8.0
[INFO] [stderr]     Checking phf v0.8.0
[INFO] [stderr]    Compiling quote v1.0.7
[INFO] [stderr]     Checking net2 v0.2.35
[INFO] [stderr]     Checking iovec v0.1.4
[INFO] [stderr]     Checking num_cpus v1.13.0
[INFO] [stderr]     Checking signal-hook-registry v1.2.1
[INFO] [stderr]     Checking parking_lot_core v0.8.0
[INFO] [stderr]     Checking stringprep v0.1.2
[INFO] [stderr]     Checking rand_core v0.5.1
[INFO] [stderr]     Checking mio v0.6.22
[INFO] [stderr]     Checking parking_lot v0.11.0
[INFO] [stderr]     Checking rand_chacha v0.2.2
[INFO] [stderr]     Checking rand v0.7.3
[INFO] [stderr]     Checking digest v0.9.0
[INFO] [stderr]     Checking block-buffer v0.9.0
[INFO] [stderr]     Checking crypto-mac v0.8.0
[INFO] [stderr]     Checking sha2 v0.9.1
[INFO] [stderr]     Checking hmac v0.8.1
[INFO] [stderr]     Checking mio-uds v0.6.8
[INFO] [stderr]     Checking postgres-protocol v0.5.2
[INFO] [stderr]    Compiling futures-macro v0.3.5
[INFO] [stderr]    Compiling tokio-macros v0.2.5
[INFO] [stderr]    Compiling async-trait v0.1.40
[INFO] [stderr]     Checking tokio v0.2.22
[INFO] [stderr]     Checking pin-project v0.4.23
[INFO] [stderr]     Checking futures-util v0.3.5
[INFO] [stderr]     Checking tokio-util v0.3.1
[INFO] [stderr]     Checking futures-executor v0.3.5
[INFO] [stderr]     Checking futures v0.3.5
[INFO] [stderr]     Checking uuid v0.8.1
[INFO] [stderr]     Checking postgres-types v0.1.2
[INFO] [stderr]     Checking tokio-postgres v0.5.5
[INFO] [stderr]     Checking orma v0.3.1 (/opt/rustwide/workdir)
[INFO] [stdout] error[E0433]: failed to resolve: could not find `test` in `orma`
[INFO] [stdout]   --> tests/test.rs:79:9
[INFO] [stdout]    |
[INFO] [stdout] 79 | #[orma::test]
[INFO] [stdout]    |         ^^^^ could not find `test` in `orma`
[INFO] [stdout] 
[INFO] [stdout] 
[INFO] [stdout] error[E0433]: failed to resolve: could not find `test` in `orma`
[INFO] [stdout]    --> tests/test.rs:116:9
[INFO] [stdout]     |
[INFO] [stdout] 116 | #[orma::test]
[INFO] [stdout]     |         ^^^^ could not find `test` in `orma`
[INFO] [stdout] 
[INFO] [stdout] 
[INFO] [stdout] error[E0433]: failed to resolve: could not find `test` in `orma`
[INFO] [stdout]    --> tests/test.rs:150:9
[INFO] [stdout]     |
[INFO] [stdout] 150 | #[orma::test]
[INFO] [stdout]     |         ^^^^ could not find `test` in `orma`
[INFO] [stdout] 
[INFO] [stdout] 
[INFO] [stdout] error: cannot find attribute `orma_obj` in this scope
[INFO] [stdout]  --> tests/group/mod.rs:4:3
[INFO] [stdout]   |
[INFO] [stdout] 4 | #[orma_obj(table = "intrared.groups")]
[INFO] [stdout]   |   ^^^^^^^^
[INFO] [stdout] 
[INFO] [stdout] 
[INFO] [stdout] error: cannot find attribute `orma_obj` in this scope
[INFO] [stdout]  --> tests/user/mod.rs:6:3
[INFO] [stdout]   |
[INFO] [stdout] 6 | #[orma_obj(table = "intrared.users")]
[INFO] [stdout]   |   ^^^^^^^^
[INFO] [stdout] 
[INFO] [stdout] 
[INFO] [stdout] error[E0277]: the trait bound `user::User: orma::DbData` is not satisfied
[INFO] [stdout]   --> tests/user/mod.rs:36:26
[INFO] [stdout]    |
[INFO] [stdout] 36 | pub fn user_groups(user: &DbEntity<User>) -> Result<DbJoin, DbError> {
[INFO] [stdout]    |                          ^^^^^^^^^^^^^^^ the trait `orma::DbData` is not implemented for `user::User`
[INFO] [stdout]    | 
[INFO] [stdout]   ::: /opt/rustwide/workdir/src/dbentity.rs:76:8
[INFO] [stdout]    |
[INFO] [stdout] 76 |     T: DbData + Serialize + DeserializeOwned,
[INFO] [stdout]    |        ------ required by this bound in `orma::DbEntity`
[INFO] [stdout] 
[INFO] [stdout] 
[INFO] [stdout] error: aborting due to 6 previous errors
[INFO] [stdout] 
[INFO] [stdout] 
[INFO] [stdout] Some errors have detailed explanations: E0277, E0433.
[INFO] [stdout] 
[INFO] [stdout] For more information about an error, try `rustc --explain E0277`.
[INFO] [stdout] 
[INFO] [stderr] error: could not compile `orma`.
[INFO] [stderr] 
[INFO] [stderr] To learn more, run the command again with --verbose.
[INFO] running `Command { std: "docker" "inspect" "314800a2e99e6e81df94110cc25ff938c7b7d4ec68a27e574a347488a256b75e", kill_on_drop: false }`
[INFO] running `Command { std: "docker" "rm" "-f" "314800a2e99e6e81df94110cc25ff938c7b7d4ec68a27e574a347488a256b75e", kill_on_drop: false }`
[INFO] [stdout] 314800a2e99e6e81df94110cc25ff938c7b7d4ec68a27e574a347488a256b75e
